{"id":184,"date":"2025-12-16T13:10:51","date_gmt":"2025-12-16T12:10:51","guid":{"rendered":"https:\/\/essence-vagabonde.fr\/?page_id=184"},"modified":"2025-12-16T13:26:31","modified_gmt":"2025-12-16T12:26:31","slug":"lesprit-essence-vagabonde","status":"publish","type":"page","link":"https:\/\/essence-vagabonde.fr\/?page_id=184","title":{"rendered":"L&rsquo;esprit Essence Vagabonde"},"content":{"rendered":"\t\t<div data-elementor-type=\"wp-page\" data-elementor-id=\"184\" class=\"elementor elementor-184\">\n\t\t\t\t<div class=\"elementor-element elementor-element-0bf57e6 e-flex e-con-boxed e-con e-parent\" data-id=\"0bf57e6\" data-element_type=\"container\">\n\t\t\t\t\t<div class=\"e-con-inner\">\n\t\t\t\t<div class=\"elementor-element elementor-element-7b70066 elementor-widget elementor-widget-heading\" data-id=\"7b70066\" data-element_type=\"widget\" data-widget_type=\"heading.default\">\n\t\t\t\t\t<h1 class=\"elementor-heading-title elementor-size-default\">L'esprit Essence Vagabonde<\/h1>\t\t\t\t<\/div>\n\t\t\t\t<div class=\"elementor-element elementor-element-18d7556 elementor-widget elementor-widget-text-editor\" data-id=\"18d7556\" data-element_type=\"widget\" data-widget_type=\"text-editor.default\">\n\t\t\t\t\t\t\t\t\t<p data-start=\"842\" data-end=\"964\">Essence Vagabonde est n\u00e9e d\u2019un besoin simple :<br data-start=\"888\" data-end=\"891\" \/>trouver des v\u00eatements qui ont une \u00e2me, sans avoir besoin d\u2019en faire trop.<\/p><p data-start=\"966\" data-end=\"1120\">Pas des pi\u00e8ces parfaites.<br data-start=\"991\" data-end=\"994\" \/>Des pi\u00e8ces justes.<br data-start=\"1012\" data-end=\"1015\" \/>Des v\u00eatements dans lesquels on se reconna\u00eet, qui accompagnent le mouvement, les contrastes, la vraie vie.<\/p>\t\t\t\t\t\t\t\t<\/div>\n\t\t\t\t\t<\/div>\n\t\t\t\t<\/div>\n\t\t<div class=\"elementor-element elementor-element-e06a518 e-flex e-con-boxed e-con e-parent\" data-id=\"e06a518\" data-element_type=\"container\">\n\t\t\t\t\t<div class=\"e-con-inner\">\n\t\t\t\t<div class=\"elementor-element elementor-element-e7d7bdb elementor-widget elementor-widget-heading\" data-id=\"e7d7bdb\" data-element_type=\"widget\" data-widget_type=\"heading.default\">\n\t\t\t\t\t<h2 class=\"elementor-heading-title elementor-size-default\">Une s\u00e9lection avant tout<\/h2>\t\t\t\t<\/div>\n\t\t\t\t<div class=\"elementor-element elementor-element-44c03ca elementor-widget elementor-widget-text-editor\" data-id=\"44c03ca\" data-element_type=\"widget\" data-widget_type=\"text-editor.default\">\n\t\t\t\t\t\t\t\t\t<p data-start=\"1201\" data-end=\"1397\">Essence Vagabonde n\u2019est pas une marque qui suit les tendances \u00e0 la cha\u00eene.<br data-start=\"1275\" data-end=\"1278\" \/>C\u2019est un regard pos\u00e9 sur des pi\u00e8ces qui existent d\u00e9j\u00e0, mais qui m\u00e9ritent d\u2019\u00eatre choisies, assum\u00e9es et mises en lumi\u00e8re.<\/p><p data-start=\"1399\" data-end=\"1504\">Chaque v\u00eatement est s\u00e9lectionn\u00e9 pour ce qu\u2019il d\u00e9gage :<br data-start=\"1453\" data-end=\"1456\" \/>une coupe, une mati\u00e8re, une allure, une \u00e9nergie.<\/p><p data-start=\"1506\" data-end=\"1660\">Je cherche des pi\u00e8ces qui racontent quelque chose sans avoir besoin d\u2019un discours compliqu\u00e9.<br data-start=\"1598\" data-end=\"1601\" \/>Des v\u00eatements qu\u2019on porte pour vivre, pas pour se d\u00e9guiser.<\/p>\t\t\t\t\t\t\t\t<\/div>\n\t\t\t\t<div class=\"elementor-element elementor-element-39f41d6 elementor-widget elementor-widget-heading\" data-id=\"39f41d6\" data-element_type=\"widget\" data-widget_type=\"heading.default\">\n\t\t\t\t\t<h2 class=\"elementor-heading-title elementor-size-default\">Pour les femmes libres et ancr\u00e9es<\/h2>\t\t\t\t<\/div>\n\t\t\t\t<div class=\"elementor-element elementor-element-1270f7f elementor-widget elementor-widget-text-editor\" data-id=\"1270f7f\" data-element_type=\"widget\" data-widget_type=\"text-editor.default\">\n\t\t\t\t\t\t\t\t\t<p data-start=\"1738\" data-end=\"1907\">Essence Vagabonde s\u2019adresse aux femmes qui avancent sans rentrer dans une case.<br data-start=\"1817\" data-end=\"1820\" \/>Celles qui aiment le confort autant que le caract\u00e8re.<br data-start=\"1873\" data-end=\"1876\" \/>La douceur autant que la force.<\/p><p data-start=\"1909\" data-end=\"2050\">Des femmes qui veulent se sentir bien dans leurs v\u00eatements,<br data-start=\"1968\" data-end=\"1971\" \/>sans suivre une mode dict\u00e9e,<br data-start=\"1999\" data-end=\"2002\" \/>sans se travestir pour correspondre \u00e0 une image.<\/p><p data-start=\"2052\" data-end=\"2107\">Ici, le style ne crie pas.<br data-start=\"2078\" data-end=\"2081\" \/>Il s\u2019impose naturellement.<\/p>\t\t\t\t\t\t\t\t<\/div>\n\t\t\t\t<div class=\"elementor-element elementor-element-2e41302 elementor-widget elementor-widget-heading\" data-id=\"2e41302\" data-element_type=\"widget\" data-widget_type=\"heading.default\">\n\t\t\t\t\t<h2 class=\"elementor-heading-title elementor-size-default\">Des pi\u00e8ces pens\u00e9es pour durer dans le quotidien<\/h2>\t\t\t\t<\/div>\n\t\t\t\t<div class=\"elementor-element elementor-element-000e42f elementor-widget elementor-widget-text-editor\" data-id=\"000e42f\" data-element_type=\"widget\" data-widget_type=\"text-editor.default\">\n\t\t\t\t\t\t\t\t\t<p data-start=\"2217\" data-end=\"2324\">La collection Essence Vagabonde est volontairement resserr\u00e9e.<br data-start=\"2278\" data-end=\"2281\" \/>Peu de pi\u00e8ces, mais choisies avec exigence.<\/p><p data-start=\"2326\" data-end=\"2453\">L\u2019id\u00e9e n\u2019est pas d\u2019avoir toujours plus,<br data-start=\"2365\" data-end=\"2368\" \/>mais d\u2019avoir mieux :<br data-start=\"2388\" data-end=\"2391\" \/>des v\u00eatements faciles \u00e0 associer, \u00e0 reporter, \u00e0 r\u00e9interpr\u00e9ter.<\/p><p data-start=\"2455\" data-end=\"2565\">Chaque pi\u00e8ce trouve sa place dans une garde-robe r\u00e9elle,<br data-start=\"2511\" data-end=\"2514\" \/>celle qui vit, qui bouge, qui traverse les saisons.<\/p>\t\t\t\t\t\t\t\t<\/div>\n\t\t\t\t<div class=\"elementor-element elementor-element-3df2175 elementor-widget elementor-widget-heading\" data-id=\"3df2175\" data-element_type=\"widget\" data-widget_type=\"heading.default\">\n\t\t\t\t\t<h2 class=\"elementor-heading-title elementor-size-default\">Quatre fa\u00e7ons d\u2019exprimer la libert\u00e9<\/h2>\t\t\t\t<\/div>\n\t\t\t\t<div class=\"elementor-element elementor-element-e37a180 elementor-widget elementor-widget-text-editor\" data-id=\"e37a180\" data-element_type=\"widget\" data-widget_type=\"text-editor.default\">\n\t\t\t\t\t\t\t\t\t<p data-start=\"2646\" data-end=\"2740\">Essence Vagabonde se d\u00e9cline en quatre univers,<br data-start=\"2693\" data-end=\"2696\" \/>quatre mani\u00e8res d\u2019exprimer une m\u00eame \u00e9nergie.<\/p><ul data-start=\"2742\" data-end=\"3006\"><li data-start=\"2742\" data-end=\"2803\"><p data-start=\"2744\" data-end=\"2803\"><strong data-start=\"2744\" data-end=\"2762\">Nomade Rebelle<\/strong> : des pi\u00e8ces brutes, affirm\u00e9es, libres<\/p><\/li><li data-start=\"2804\" data-end=\"2873\"><p data-start=\"2806\" data-end=\"2873\"><strong data-start=\"2806\" data-end=\"2826\">Odyss\u00e9e Nocturne<\/strong> : l\u2019\u00e9clat, la nuit, les moments qui marquent<\/p><\/li><li data-start=\"2874\" data-end=\"2941\"><p data-start=\"2876\" data-end=\"2941\"><strong data-start=\"2876\" data-end=\"2900\">Exploratrice Urbaine<\/strong> : le mouvement, la ville, le quotidien<\/p><\/li><li data-start=\"2942\" data-end=\"3006\"><p data-start=\"2944\" data-end=\"3006\"><strong data-start=\"2944\" data-end=\"2967\">Tisseuse d\u2019Aventure<\/strong> : la douceur, le voyage, le temps lent<\/p><\/li><\/ul><p data-start=\"3008\" data-end=\"3105\">Des univers diff\u00e9rents, mais une m\u00eame intention :<br data-start=\"3057\" data-end=\"3060\" \/>laisser de la place \u00e0 celles qui les portent.<\/p>\t\t\t\t\t\t\t\t<\/div>\n\t\t\t\t<div class=\"elementor-element elementor-element-f248780 elementor-widget elementor-widget-heading\" data-id=\"f248780\" data-element_type=\"widget\" data-widget_type=\"heading.default\">\n\t\t\t\t\t<h2 class=\"elementor-heading-title elementor-size-default\">Plus qu\u2019un style, une mani\u00e8re d\u2019avancer<\/h2>\t\t\t\t<\/div>\n\t\t\t\t<div class=\"elementor-element elementor-element-61aec96 elementor-widget elementor-widget-text-editor\" data-id=\"61aec96\" data-element_type=\"widget\" data-widget_type=\"text-editor.default\">\n\t\t\t\t\t\t\t\t\t<p data-start=\"3206\" data-end=\"3368\">Essence Vagabonde n\u2019est pas une promesse de perfection.<br data-start=\"3261\" data-end=\"3264\" \/>C\u2019est une invitation \u00e0 choisir des v\u00eatements qui r\u00e9sonnent,<br data-start=\"3323\" data-end=\"3326\" \/>qui accompagnent,<br data-start=\"3343\" data-end=\"3346\" \/>qui laissent respirer.<\/p><p data-start=\"3370\" data-end=\"3457\">Une marque pens\u00e9e pour celles qui avancent avec intuition,<br data-start=\"3428\" data-end=\"3431\" \/>sensibilit\u00e9,<br data-start=\"3443\" data-end=\"3446\" \/>et libert\u00e9.<\/p>\t\t\t\t\t\t\t\t<\/div>\n\t\t\t\t<div class=\"elementor-element elementor-element-7631475 elementor-align-center elementor-widget elementor-widget-button\" data-id=\"7631475\" data-element_type=\"widget\" data-widget_type=\"button.default\">\n\t\t\t\t\t\t\t\t\t\t<a class=\"elementor-button elementor-button-link elementor-size-sm\" href=\"https:\/\/essence-vagabonde.fr\/?post_type=product\">\n\t\t\t\t\t\t<span class=\"elementor-button-content-wrapper\">\n\t\t\t\t\t\t\t\t\t<span class=\"elementor-button-text\">D\u00e9couvrir la collection<\/span>\n\t\t\t\t\t<\/span>\n\t\t\t\t\t<\/a>\n\t\t\t\t\t\t\t\t<\/div>\n\t\t\t\t<div class=\"elementor-element elementor-element-0e35309 elementor-widget elementor-widget-spacer\" data-id=\"0e35309\" data-element_type=\"widget\" data-widget_type=\"spacer.default\">\n\t\t\t\t\t\t\t<div class=\"elementor-spacer\">\n\t\t\t<div class=\"elementor-spacer-inner\"><\/div>\n\t\t<\/div>\n\t\t\t\t\t\t<\/div>\n\t\t\t\t\t<\/div>\n\t\t\t\t<\/div>\n\t\t\t\t<\/div>\n\t\t","protected":false},"excerpt":{"rendered":"<p>L&rsquo;esprit Essence Vagabonde Essence Vagabonde est n\u00e9e d\u2019un besoin simple :trouver des v\u00eatements qui ont une \u00e2me, sans avoir besoin [&hellip;]<\/p>\n","protected":false},"author":1,"featured_media":0,"parent":0,"menu_order":0,"comment_status":"closed","ping_status":"closed","template":"","meta":{"site-sidebar-layout":"no-sidebar","site-content-layout":"","ast-site-content-layout":"full-width-container","site-content-style":"default","site-sidebar-style":"default","ast-global-header-display":"","ast-banner-title-visibility":"","ast-main-header-display":"","ast-hfb-above-header-display":"","ast-hfb-below-header-display":"","ast-hfb-mobile-header-display":"","site-post-title":"disabled","ast-breadcrumbs-content":"","ast-featured-img":"disabled","footer-sml-layout":"","ast-disable-related-posts":"","theme-transparent-header-meta":"","adv-header-id-meta":"","stick-header-meta":"","header-above-stick-meta":"","header-main-stick-meta":"","header-below-stick-meta":"","astra-migrate-meta-layouts":"default","ast-page-background-enabled":"default","ast-page-background-meta":{"desktop":{"background-color":"var(--ast-global-color-5)","background-image":"","background-repeat":"repeat","background-position":"center center","background-size":"auto","background-attachment":"scroll","background-type":"","background-media":"","overlay-type":"","overlay-color":"","overlay-opacity":"","overlay-gradient":""},"tablet":{"background-color":"","background-image":"","background-repeat":"repeat","background-position":"center center","background-size":"auto","background-attachment":"scroll","background-type":"","background-media":"","overlay-type":"","overlay-color":"","overlay-opacity":"","overlay-gradient":""},"mobile":{"background-color":"","background-image":"","background-repeat":"repeat","background-position":"center center","background-size":"auto","background-attachment":"scroll","background-type":"","background-media":"","overlay-type":"","overlay-color":"","overlay-opacity":"","overlay-gradient":""}},"ast-content-background-meta":{"desktop":{"background-color":"var(--ast-global-color-4)","background-image":"","background-repeat":"repeat","background-position":"center center","background-size":"auto","background-attachment":"scroll","background-type":"","background-media":"","overlay-type":"","overlay-color":"","overlay-opacity":"","overlay-gradient":""},"tablet":{"background-color":"var(--ast-global-color-4)","background-image":"","background-repeat":"repeat","background-position":"center center","background-size":"auto","background-attachment":"scroll","background-type":"","background-media":"","overlay-type":"","overlay-color":"","overlay-opacity":"","overlay-gradient":""},"mobile":{"background-color":"var(--ast-global-color-4)","background-image":"","background-repeat":"repeat","background-position":"center center","background-size":"auto","background-attachment":"scroll","background-type":"","background-media":"","overlay-type":"","overlay-color":"","overlay-opacity":"","overlay-gradient":""}},"footnotes":""},"class_list":["post-184","page","type-page","status-publish","hentry"],"_links":{"self":[{"href":"https:\/\/essence-vagabonde.fr\/index.php?rest_route=\/wp\/v2\/pages\/184","targetHints":{"allow":["GET"]}}],"collection":[{"href":"https:\/\/essence-vagabonde.fr\/index.php?rest_route=\/wp\/v2\/pages"}],"about":[{"href":"https:\/\/essence-vagabonde.fr\/index.php?rest_route=\/wp\/v2\/types\/page"}],"author":[{"embeddable":true,"href":"https:\/\/essence-vagabonde.fr\/index.php?rest_route=\/wp\/v2\/users\/1"}],"replies":[{"embeddable":true,"href":"https:\/\/essence-vagabonde.fr\/index.php?rest_route=%2Fwp%2Fv2%2Fcomments&post=184"}],"version-history":[{"count":7,"href":"https:\/\/essence-vagabonde.fr\/index.php?rest_route=\/wp\/v2\/pages\/184\/revisions"}],"predecessor-version":[{"id":199,"href":"https:\/\/essence-vagabonde.fr\/index.php?rest_route=\/wp\/v2\/pages\/184\/revisions\/199"}],"wp:attachment":[{"href":"https:\/\/essence-vagabonde.fr\/index.php?rest_route=%2Fwp%2Fv2%2Fmedia&parent=184"}],"curies":[{"name":"wp","href":"https:\/\/api.w.org\/{rel}","templated":true}]}}