{"id":210,"date":"2025-12-16T20:53:51","date_gmt":"2025-12-16T19:53:51","guid":{"rendered":"https:\/\/essence-vagabonde.fr\/?page_id=210"},"modified":"2025-12-16T21:01:19","modified_gmt":"2025-12-16T20:01:19","slug":"mentions-legales","status":"publish","type":"page","link":"https:\/\/essence-vagabonde.fr\/?page_id=210","title":{"rendered":"Mentions l\u00e9gales"},"content":{"rendered":"\t\t<div data-elementor-type=\"wp-page\" data-elementor-id=\"210\" class=\"elementor elementor-210\">\n\t\t\t\t<div class=\"elementor-element elementor-element-279163f e-flex e-con-boxed e-con e-parent\" data-id=\"279163f\" data-element_type=\"container\">\n\t\t\t\t\t<div class=\"e-con-inner\">\n\t\t\t\t<div class=\"elementor-element elementor-element-5f27b23 elementor-widget elementor-widget-heading\" data-id=\"5f27b23\" data-element_type=\"widget\" data-widget_type=\"heading.default\">\n\t\t\t\t\t<h2 class=\"elementor-heading-title elementor-size-default\">Mentions l\u00e9gales<\/h2>\t\t\t\t<\/div>\n\t\t\t\t<div class=\"elementor-element elementor-element-90fe572 elementor-widget elementor-widget-text-editor\" data-id=\"90fe572\" data-element_type=\"widget\" data-widget_type=\"text-editor.default\">\n\t\t\t\t\t\t\t\t\t<p data-start=\"967\" data-end=\"1012\">Conform\u00e9ment aux dispositions de la loi n\u00b02004-575 du 21 juin 2004 pour la confiance dans l\u2019\u00e9conomie num\u00e9rique, il est pr\u00e9cis\u00e9 aux utilisateurs du site <strong data-start=\"1169\" data-end=\"1190\">Essence Vagabonde<\/strong> l\u2019identit\u00e9 des diff\u00e9rents intervenants dans le cadre de sa r\u00e9alisation et de son suivi.<\/p><h3 data-start=\"1280\" data-end=\"1299\">\u00c9diteur du site<\/h3><p data-start=\"1014\" data-end=\"1189\">Nom commercial : <strong data-start=\"1020\" data-end=\"1046\">Kamalia Distri<\/strong><br data-start=\"1046\" data-end=\"1049\" \/>Responsable de la publication :\u00a0<span style=\"font-weight: bold;\">Gaylor BOUANNA<\/span><\/p><p data-start=\"1014\" data-end=\"1189\">Statut juridique : <span data-start=\"1068\" data-end=\"1101\"><b>EURL<br \/><\/b><\/span><span style=\"font-style: inherit;\">Immatriculation <\/span><span style=\"font-style: inherit;\">:<\/span><b style=\"font-style: inherit;\"> <\/b><b>934 787 433 00010 RCS Coutances<\/b><br \/><span style=\"font-style: inherit; font-weight: inherit;\">Adresse : <\/span><span style=\"font-style: inherit;\" data-start=\"1114\" data-end=\"1152\"><b>24 rue de la Lib\u00e9ration 50320 La Lucerne d&rsquo;Outremer<br \/><\/b><\/span><span style=\"font-style: inherit; font-weight: inherit;\">Email : <\/span><strong style=\"font-style: inherit;\" data-start=\"1163\" data-end=\"1189\">kamaliadistri@gmail.com<\/strong><\/p><h3 data-start=\"1595\" data-end=\"1610\">H\u00e9bergement<\/h3><p data-start=\"1612\" data-end=\"1637\">Le site est h\u00e9berg\u00e9 par :<\/p><p data-start=\"1639\" data-end=\"1738\"><strong data-start=\"1639\" data-end=\"1646\">OVH<\/strong><br data-start=\"1646\" data-end=\"1649\" \/>2 rue Kellermann<br data-start=\"1665\" data-end=\"1668\" \/>59100 Roubaix \u2013 France<br data-start=\"1690\" data-end=\"1693\" \/>T\u00e9l\u00e9phone : 1007<br data-start=\"1709\" data-end=\"1712\" \/>Site : <a href=\"https:\/\/www.ovh.com\" target=\"_new\" rel=\"noopener\" data-start=\"1719\" data-end=\"1738\">https:\/\/www.ovh.com<\/a><\/p><hr data-start=\"1740\" data-end=\"1743\" \/><h3 data-start=\"1745\" data-end=\"1773\">Propri\u00e9t\u00e9 intellectuelle<\/h3><p data-start=\"1775\" data-end=\"2067\">L\u2019ensemble du contenu du site <strong data-start=\"1805\" data-end=\"1826\">Essence Vagabonde<\/strong> (textes, images, photographies, logo, identit\u00e9 visuelle) est prot\u00e9g\u00e9 par le droit d\u2019auteur et la propri\u00e9t\u00e9 intellectuelle.<br data-start=\"1949\" data-end=\"1952\" \/>Toute reproduction, repr\u00e9sentation ou exploitation, totale ou partielle, sans autorisation pr\u00e9alable est interdite.<\/p><hr data-start=\"2069\" data-end=\"2072\" \/><h3 data-start=\"2074\" data-end=\"2098\">Donn\u00e9es personnelles<\/h3><p data-start=\"2100\" data-end=\"2300\">Les informations collect\u00e9es sur le site sont trait\u00e9es conform\u00e9ment \u00e0 la r\u00e9glementation en vigueur.<br data-start=\"2198\" data-end=\"2201\" \/>Pour plus d\u2019informations, l\u2019utilisateur est invit\u00e9 \u00e0 consulter la <strong data-start=\"2267\" data-end=\"2299\">Politique de confidentialit\u00e9<\/strong>.<\/p>\t\t\t\t\t\t\t\t<\/div>\n\t\t\t\t\t<\/div>\n\t\t\t\t<\/div>\n\t\t\t\t<\/div>\n\t\t","protected":false},"excerpt":{"rendered":"<p>Mentions l\u00e9gales Conform\u00e9ment aux dispositions de la loi n\u00b02004-575 du 21 juin 2004 pour la confiance dans l\u2019\u00e9conomie num\u00e9rique, il [&hellip;]<\/p>\n","protected":false},"author":1,"featured_media":0,"parent":0,"menu_order":0,"comment_status":"closed","ping_status":"closed","template":"","meta":{"site-sidebar-layout":"no-sidebar","site-content-layout":"","ast-site-content-layout":"full-width-container","site-content-style":"default","site-sidebar-style":"default","ast-global-header-display":"","ast-banner-title-visibility":"","ast-main-header-display":"","ast-hfb-above-header-display":"","ast-hfb-below-header-display":"","ast-hfb-mobile-header-display":"","site-post-title":"disabled","ast-breadcrumbs-content":"","ast-featured-img":"disabled","footer-sml-layout":"","ast-disable-related-posts":"","theme-transparent-header-meta":"","adv-header-id-meta":"","stick-header-meta":"","header-above-stick-meta":"","header-main-stick-meta":"","header-below-stick-meta":"","astra-migrate-meta-layouts":"default","ast-page-background-enabled":"default","ast-page-background-meta":{"desktop":{"background-color":"var(--ast-global-color-5)","background-image":"","background-repeat":"repeat","background-position":"center center","background-size":"auto","background-attachment":"scroll","background-type":"","background-media":"","overlay-type":"","overlay-color":"","overlay-opacity":"","overlay-gradient":""},"tablet":{"background-color":"","background-image":"","background-repeat":"repeat","background-position":"center center","background-size":"auto","background-attachment":"scroll","background-type":"","background-media":"","overlay-type":"","overlay-color":"","overlay-opacity":"","overlay-gradient":""},"mobile":{"background-color":"","background-image":"","background-repeat":"repeat","background-position":"center center","background-size":"auto","background-attachment":"scroll","background-type":"","background-media":"","overlay-type":"","overlay-color":"","overlay-opacity":"","overlay-gradient":""}},"ast-content-background-meta":{"desktop":{"background-color":"var(--ast-global-color-4)","background-image":"","background-repeat":"repeat","background-position":"center center","background-size":"auto","background-attachment":"scroll","background-type":"","background-media":"","overlay-type":"","overlay-color":"","overlay-opacity":"","overlay-gradient":""},"tablet":{"background-color":"var(--ast-global-color-4)","background-image":"","background-repeat":"repeat","background-position":"center center","background-size":"auto","background-attachment":"scroll","background-type":"","background-media":"","overlay-type":"","overlay-color":"","overlay-opacity":"","overlay-gradient":""},"mobile":{"background-color":"var(--ast-global-color-4)","background-image":"","background-repeat":"repeat","background-position":"center center","background-size":"auto","background-attachment":"scroll","background-type":"","background-media":"","overlay-type":"","overlay-color":"","overlay-opacity":"","overlay-gradient":""}},"footnotes":""},"class_list":["post-210","page","type-page","status-publish","hentry"],"_links":{"self":[{"href":"https:\/\/essence-vagabonde.fr\/index.php?rest_route=\/wp\/v2\/pages\/210","targetHints":{"allow":["GET"]}}],"collection":[{"href":"https:\/\/essence-vagabonde.fr\/index.php?rest_route=\/wp\/v2\/pages"}],"about":[{"href":"https:\/\/essence-vagabonde.fr\/index.php?rest_route=\/wp\/v2\/types\/page"}],"author":[{"embeddable":true,"href":"https:\/\/essence-vagabonde.fr\/index.php?rest_route=\/wp\/v2\/users\/1"}],"replies":[{"embeddable":true,"href":"https:\/\/essence-vagabonde.fr\/index.php?rest_route=%2Fwp%2Fv2%2Fcomments&post=210"}],"version-history":[{"count":7,"href":"https:\/\/essence-vagabonde.fr\/index.php?rest_route=\/wp\/v2\/pages\/210\/revisions"}],"predecessor-version":[{"id":217,"href":"https:\/\/essence-vagabonde.fr\/index.php?rest_route=\/wp\/v2\/pages\/210\/revisions\/217"}],"wp:attachment":[{"href":"https:\/\/essence-vagabonde.fr\/index.php?rest_route=%2Fwp%2Fv2%2Fmedia&parent=210"}],"curies":[{"name":"wp","href":"https:\/\/api.w.org\/{rel}","templated":true}]}}